3, -16 = -5*q - 2*p. List the prime factors of c(q).
2, 5
Let k(y) = -y**3 - 5*y**2 + 7*y + 2. Let d be k(-6). Let v = 0 - d. Let o(n) = n**2 - 4*n + 6. What are the prime factors of o(v)?
2, 3
Let u be (-1 + 0)/(2/(-22)). Let n = u - 7. Suppose -n*k - 8 = -b - 70, -4*b = 8. List the prime factors of k.
3, 5
What are the prime factors of 3 - (-1 - (-4 - -20))?
2, 5
Suppose -4*k + g - 13 = 11, 3*k = -3*g - 33. Let r = 13 + k. Let t(q) = q**2 - 6*q + 3. List the prime factors of t(r).
3
Let j(s) = 29*s - 2. Suppose -5*o = -2*u - 2 - 1, -3*o + 6 = 3*u. List the prime factors of j(o).
3
Suppose 12 = -5*o + 2*o. Let h be o + 2 + 2 - -2. Suppose -3*z = h*g - 15 + 2, 0 = -4*z - 2*g + 18. List the prime factors of z.
5
Let a(w) = w + 17. List the prime factors of a(-9).
2
Let f be 2/(-4) + 1638/36. Suppose -d + i - 4*i = -23, -3*d = i - f. What are the prime factors of d?
2, 7
Let m be 2/9*-3*-6. Let f = m + 2. What are the prime factors of f?
2, 3
Suppose m - 1536 = -3*m. List the prime factors of m.
2, 3
Suppose -15 = -5*i, -5*j + 4*i = i - 706. List the prime factors of j.
11, 13
Let g(t) = 2*t**2 - 2*t - 2. Let k be g(4). What are the prime factors of k - (4 - 3 - 2)?
23
Suppose -17 = -2*r - 5. List the prime factors of (8/r)/(1/12).
2
Suppose 3*l = -2*g - 6, 3*g - 3*l - 22 = -1. Suppose -2*t - g = -2*k + 9, 4*t + 18 = 2*k. List the prime factors of ((-10)/(-6))/(1/k).
5
Suppose 0 = 2*t, 3*d = -0*t + t + 12. What are the prime factors of ((-15)/(-6))/(2/d)?
5
List the prime factors of (-233)/(-2)*3/((-9)/(-6)).
233
Suppose -5*d + 0*d = -150. Suppose 2*z = -2*y - d, -3*z - 2*y + 10 - 56 = 0. Let m = -11 - z. List the prime factors of m.
5
Let p be ((-4)/(-3))/((-4)/(-402)). What are the prime factors of (-4)/10 - p/(-10)?
13
Let c(f) = 11*f + 1. Let m = 6 - 8. Let k(h) = -h**3 - 2*h**2 + 1. Let t be k(m). What are the prime factors of c(t)?
2, 3
Let h(t) = -t**2 - 4*t + 1. Let f be h(-3). Suppose f*z - 2*z - 80 = 0. Suppose 2*v + z = 3*p, 4*p - p = -3*v + 60. What are the prime factors of p?
2
Let k(d) = 2*d**2 + 10*d + 8. List the prime factors of k(-7).
2, 3
Suppose 0 = -4*s - 575 + 79. Let j = 218 + s. What are the prime factors of (-2)/5 + j/10?
3
Let a(p) = -7*p - 8. List the prime factors of a(-6).
2, 17
Let l = 17 + -14. Suppose l*h - h - 30 = 0. What are the prime factors of h?
3, 5
Suppose 2*a - 17 - 35 = 0. Let z(m) = 2*m**2 + 6. Let n be z(4). Let u = n - a. What are the prime factors of u?
2, 3
Let a(u) = -18*u - 49. What are the prime factors of a(-9)?
113
Let l be (-7)/(35/50)*-2. Let t(z) = -6*z - 7. Let j be t(-6). Let s = j - l. List the prime factors of s.
3
Let h be (-5)/((-15)/6) - -2. Suppose 3*o - 21 = -t + 14, 20 = h*t. Suppose -8 = -i + g, -g + 6*g = -o. List the prime factors of i.
2, 3
Suppose 5*d = 43 + 37. List the prime factors of d.
2
Let z(f) = f + 7. What are the prime factors of z(-4)?
3
Suppose 26*s + 162 = 29*s. List the prime factors of s.
2, 3
Let q = 7 - 5. Suppose q*t + 32 = 4*t. List the prime factors of t.
2
Suppose -2*o = 3*d + 2*d - 27, -2*o + 5*d - 3 = 0. Suppose o = 5*v - 24. What are the prime factors of v?
2, 3
Suppose 2 + 286 = 3*r. Suppose -2*y = y - r. List the prime factors of y.
2
Suppose 3*y = -3*l + 123, -3*l - y + 221 = 2*l. List the prime factors of l.
3, 5
Suppose -4*p = 0, -6*p - 6 = -2*m - 2*p. Suppose m*o = 11 + 7. List the prime factors of (-3 - -5) + o - 3.
5
Suppose -3*m = -2*m. Suppose d - 2*d = m. Suppose -2*r + 0*r + 4 = d. What are the prime factors of r?
2
Let g = -13 - -52. What are the prime factors of g?
3, 13
Suppose 0 = 3*l + 5*x - 93, -4*l + 151 = 5*x + 32. What are the prime factors of l?
2, 13
Suppose 46 = 2*j + 2*g, -j - 3*g + 3 = 2*g. What are the prime factors of j?
2, 7
Suppose -3*q - 11 = -5*a, -q + 26 = 5*a + q. Let c = -1 + a. List the prime factors of c.
3
Let g be (6/4)/(2/4). Suppose -9 = g*l, 8*l = 2*s + 3*l - 25. Suppose -2*h - 2*n - 5 = -h, -3*h + s = n. List the prime factors of h.
3
Suppose -2*i + 225 - 41 = 0. List the prime factors of i.
2, 23
Let j = 401 + -265. Suppose 0*m + j = 4*m. List the prime factors of m.
2, 17
Suppose -5*t + 3*t - 14 = -4*n, -n - 4*t + 8 = 0. Suppose -102 - 42 = -n*d. What are the prime factors of d?
2, 3
Suppose v + 17 = -5*p + 1, -5*v = 4*p + 17. Let w = v + 9. What are the prime factors of w?
2
Let n = 4 - -23. Let d = n + -13. What are the prime factors of d?
2, 7
Let x = -8 - -35. List the prime factors of x.
3
What are the prime factors of 36 - ((-9)/3 - -6)?
3, 11
Let t be (-43 - -1)*(-3)/(-6). Let x = 33 + t. List the prime factors of x.
2, 3
Suppose -s + 6 = -k, 4*s + k - 4 = -0*k. Suppose 4*b = s*p - 44, 5*b - 26 = -5*p + 24. List the prime factors of p.
2, 7
Let k(m) = -m**2 + m + 21. What are the prime factors of k(0)?
3, 7
Let b = -8 - -23. Let x = 29 + b. List the prime factors of x.
2, 11
Let w(x) = -6*x + 2. Let v(h) = -3*h + 1. Let m(q) = -5*v(q) + 2*w(q). List the prime factors of m(1).
2
What are the prime factors of 2/(-6) - 1352/(-24)?
2, 7
Let m(c) = c**2 - 4*c - 8. Let k be m(6). Let w be (48/(-20))/(k/90). List the prime factors of 4/10 + w/(-15).
2
Let c(q) = 15*q**2 + 5*q - 1. List the prime factors of c(2).
3, 23
Let g(x) = x - 5. Let m be g(-9). Suppose 18 = -2*c + 4. List the prime factors of 2 + c/(m/12).
2
Suppose -11 - 7 = -3*p. Suppose p*j - 20 - 244 = 0. List the prime factors of j.
2, 11
List the prime factors of 5 + -7 - -1*289.
7, 41
Suppose -20*m + 18*m - 2 = 0. Suppose -3*w - 15 = -3*o - 0*w, -24 = -4*o + 3*w. Let p = o + m. What are the prime factors of p?
2
Let w(k) = -k**3 + 8*k**2 + 5*k + 5. What are the prime factors of w(7)?
89
Let l(i) = i**3 + 8*i**2 - 2*i - 8. Let v be 6/(-9)*3 - -6. Suppose -4*u - 32 = v*o, 4*o - 7*o = 4*u + 24. What are the prime factors of l(o)?
2
Let w = 17 + -14. Suppose p = -w*p + 188. What are the prime factors of p?
47
Let b be (-6)/((-2)/(-1)*-1). Let u be 16/6*b/2. Suppose 3*a = -r + 24, -2*a = -u*a - r + 17. List the prime factors of a.
7
Let i(n) = -n**3 + 5*n**2 - 5*n + 6. Let d be i(4). Suppose -14 = -2*j - d*z, -j = -2*z + 2 - 3. What are the prime factors of j?
5
Suppose 2*j + 1 = -3*s - 50, -3*s = j + 51. Let x = 28 + s. List the prime factors of x.
11
Suppose -4*s = -s - 12. What are the prime factors of s/(-6) - 280/(-15)?
2, 3
Let k(m) be the first derivative of m**2/2 + 5*m - 2. Let r be k(-5). Suppose r = -3*s - 2*s + 45. List the prime factors of s.
3
Let u = -1 + 49. List the prime factors of u.
2, 3
List the prime factors of -5*(-2)/(2/5).
5
Suppose -3*h = -g - 2*h - 10, 3*g + 5 = -2*h. Let m(z) = -2*z**2 - 7*z + 2. Let q be m(g). Let i = -9 - q. What are the prime factors of i?
2
Suppose -5*y = -0*y - 10. Let r be (-12)/(-2 - (-16)/10). Suppose -o + 12 = 4*z - 33, -4*z = -y*o - r. What are the prime factors of z?
2, 5
Suppose 0 = -2*t + 6 + 2. Suppose -4*g + 38 = t*w - g, -g = 4*w - 42. List the prime factors of w.
11
Let n be (-60)/(-27) + 4/(-18). Let j(c) = c**3 + 0*c + 0*c - 2*c**2 + 0 + 2*c - 1. List the prime factors of j(n).
3
Suppose -3*h - 35 = -8*h. List the prime factors of h.
7
Suppose q + 2*s + s - 66 = 0, 3*s = 4*q - 249. List the prime factors of q.
3, 7
Suppose -6*j + 2*j = -748. What are the prime factors of 2/(-11) - (-2091)/j?
11
Suppose -q = q - 8. What are the prime factors of (1 + -10)/((-4)/q)?
3
Let d = 41 + 9. List the prime factors of d.
2, 5
Let w = -64 - -107. Let x = w - 31. List the prime factors of x.
2, 3
Let a(o) = o**2 + o + 1. Let y(h) = 5*h**2 + 12*h + 10. Let k(b) = 4*a(b) - y(b). Let t be 2/(6 - 2)*-10. List the prime factors of k(t).
3
Suppose -3*m - 136 = m. Suppose -2*f = 3*f + 3*q + 92, 0 = -2*f + 5*q - 43. Let k = f - m. What are the prime factors of k?
3, 5
Suppose 2*d - 53 = -r, -5*r = -3*r + d - 100. List the prime factors of r.
7
Suppose -2*h + 3*h = 1. What are the prime factors of 43*h + (1 - 4)?
2, 5
Let u be ((-1)/(-2)*0)/(-2). Let m = u + 2. What are the prime factors of m?
2
Let y(t) = 16*t**3 - 2*t**2 + 3. What are the prime factors of y(2)?
3, 41
Let u(r) be the third derivative of -r**4/24 + r**2. Let m be u(-3). Suppose 24 = 4*c + m*i, -2*c = -3*i - 14 + 2. What are the prime factors of c?
2, 3
Let x = 4 - -1. Suppose 0 = -x*w + 18 + 27. What are the prime factors of w?
3
Suppose 